{"id":3538,"date":"2016-09-08T19:49:22","date_gmt":"2016-09-08T19:49:22","guid":{"rendered":"http:\/\/protrain-canada.com\/fr\/?page_id=3538"},"modified":"2016-09-15T22:28:25","modified_gmt":"2016-09-15T22:28:25","slug":"daniel-fay","status":"publish","type":"page","link":"https:\/\/protrain-canada.com\/fr\/daniel-fay\/","title":{"rendered":"Daniel Fay"},"content":{"rendered":"<div class=\"two_third\">\n<h3 class=\"title\"><span>Profile de Daniel Fay, PMP<\/span><\/h3>\n<p style=\"text-align: justify;\">Daniel a appuy\u00e9 l\u2019industrie et les dirigeants gouvernementaux mondiaux en mati\u00e8re de consultation en leadership et gestion de projets. Il a g\u00e9r\u00e9 plusieurs projets internationaux et a dirig\u00e9 des programmes en m\u00e9thodologie de gestion et principes de leadership aupr\u00e8s de 3 000 gestionnaires. Daniel utilise une approche tridimensionnelle pour l\u2019am\u00e9lioration organisationnelle : D\u00e9veloppement du leadership, Gestion de projets et D\u00e9veloppement des proc\u00e9dures.<\/p>\n<blockquote><p>Il est pr\u00e9sentement membre-adjoint de la Facult\u00e9 pour le Drucker Executive Development Program en Chine et a \u00e9t\u00e9 invit\u00e9 comme conf\u00e9rencier dans 12 universit\u00e9s chinoises.<\/p><\/blockquote>\n<p style=\"text-align: justify;\">Daniel a \u00e9galement \u00e9t\u00e9 conf\u00e9rencier-invit\u00e9 \u00e0 divers symposiums et conf\u00e9rences en Chine, au Canada, au \u00c9tats-Unis, en Europe et en Asie. Il est aussi conf\u00e9rencier d\u00e9sign\u00e9 pour le Project Management Institutes dans la s\u00e9rie Seminars World. Il a pr\u00e9sent\u00e9 une allocution s\u2019intitulant \u00ab Managing in a Global Environment \u00bb lors du Congr\u00e8s europ\u00e9en PMI \u00e0 Den Haag, au Pays-Bas et la conf\u00e9rence PM Peak \u00e0 Beijing.<\/p>\n<div class=\"gap\" style=\"height: 40px;\"><\/div>\n<h3 class=\"title\"><span>Commentaires de clients satisfaits<\/span><\/h3>\n<div class=\"testimonial\">La compagnie de Dan est un partenaire de CNA, ou j&rsquo;ai travaill\u00e9 dans les syst\u00e8mes informatiques pour les contr\u00f4les de qualit\u00e9 et la gestion du risque. Avec un certain int\u00e9r\u00eat dans la gestion de risques, j&rsquo;ai eu l&rsquo;opportunit\u00e9 de voir Dan en premier plan. Dan est en mesure de pr\u00e9senter et faciliter les discussions avec son expertise avanc\u00e9e en gestion de projets. Il s&rsquo;assure que les participants soient engag\u00e9s dans une session avec une valeur ajout\u00e9e<\/div>\n<div class=\"testimonial-author\">Ron Richard<\/div>\n<\/div>\n<div class=\"one_third last\">\n<div class=\"member\">\n<div class='member-img'><img src='\/wp-content\/uploads\/2015\/11\/dan.jpg' \/><\/div>\n<h4>Daniel Fay, PMP<\/h4>\n<div class=\"member-role\">Professeur et Consultant<\/div>\n<p>Facilitateur en gestion de projets et Leadership<\/p><\/div>\n<div class=\"gap\" style=\"height: 30px;\"><\/div>\n<div class=\"accordion\" rel=\"0\">\n<div class=\"accordion-title\"><a href=\"#\">\u00c9ducation<\/a><\/div>\n<div class=\"accordion-inner\">Maitr\u00eese Gestion Ing\u00e9nirie, Ottawa<br \/>\nBAC Math\u00e9matique<br \/>\nBAC Informatique<\/div>\n<div class=\"accordion-title\"><a href=\"#\">Exp\u00e9rience<\/a><\/div>\n<div class=\"accordion-inner\">Directeur Programme PMI &#8211; Terre-Neuve<br \/>\nGestionnaire de Projets<br \/>\nCommissaire National (D\u00e9put\u00e9)<\/div>\n<div class=\"accordion-title\"><a href=\"#\">Contactez Daniel<\/a><\/div>\n<div class=\"accordion-inner\">Protrain Canada<br \/>\nInfo@protrain-canada.com<br \/>\n+514 433-8223<\/div>\n<\/div>\n<div class=\"gap\" style=\"height: 20px;\"><\/div>\n<h3 class=\"title\"><span>Social<\/span><\/h3>\n<div class=\"social-icon social-twitter\"><a href=\"https:\/\/ca.linkedin.com\/in\/danfayprofile\" title=\"Twitter\" target=\"_blank\">Twitter<\/a><\/div>\n<div class=\"social-icon social-linkedin\"><a href=\"https:\/\/ca.linkedin.com\/in\/danfayprofile\" title=\"Linkedin\" target=\"_blank\">Linkedin<\/a><\/div>\n<\/div>\n<div class=\"clear\"><\/div>\n","protected":false},"excerpt":{"rendered":"<p>Profile de Daniel Fay, PMP Daniel a appuy\u00e9 l\u2019industrie et les dirigeants gouvernementaux mondiaux en mati\u00e8re de consultation en leadership et gestion de projets. Il a g\u00e9r\u00e9 plusieurs projets internationaux\u2026 <a href=\"https:\/\/protrain-canada.com\/fr\/daniel-fay\/\" class=\"read-more-link\">Lire la suite &rarr;<\/a><\/p>\n","protected":false},"author":2,"featured_media":0,"parent":0,"menu_order":0,"comment_status":"closed","ping_status":"closed","template":"page-fullwidth.php","meta":{"om_disable_all_campaigns":false,"_monsterinsights_skip_tracking":false,"_monsterinsights_sitenote_active":false,"_monsterinsights_sitenote_note":"","_monsterinsights_sitenote_category":0,"footnotes":""},"class_list":["post-3538","page","type-page","status-publish","hentry"],"yoast_head":"<!-- This site is optimized with the Yoast SEO plugin v27.5 - https:\/\/yoast.com\/product\/yoast-seo-wordpress\/ -->\n<title>Daniel Fay - Protrain Canada<\/title>\n<meta name=\"robots\" content=\"index, follow, max-snippet:-1, max-image-preview:large, max-video-preview:-1\" \/>\n<link rel=\"canonical\" href=\"https:\/\/protrain-canada.com\/fr\/daniel-fay\/\" \/>\n<meta property=\"og:locale\" content=\"fr_FR\" \/>\n<meta property=\"og:type\" content=\"article\" \/>\n<meta property=\"og:title\" content=\"Daniel Fay - Protrain Canada\" \/>\n<meta property=\"og:description\" content=\"Profile de Daniel Fay, PMP Daniel a appuy\u00e9 l\u2019industrie et les dirigeants gouvernementaux mondiaux en mati\u00e8re de consultation en leadership et gestion de projets. Il a g\u00e9r\u00e9 plusieurs projets internationaux\u2026 Lire la suite &rarr;\" \/>\n<meta property=\"og:url\" content=\"https:\/\/protrain-canada.com\/fr\/daniel-fay\/\" \/>\n<meta property=\"og:site_name\" content=\"Protrain Canada\" \/>\n<meta property=\"article:modified_time\" content=\"2016-09-15T22:28:25+00:00\" \/>\n<meta name=\"twitter:card\" content=\"summary_large_image\" \/>\n<meta name=\"twitter:label1\" content=\"Dur\u00e9e de lecture estim\u00e9e\" \/>\n\t<meta name=\"twitter:data1\" content=\"2 minutes\" \/>\n<script type=\"application\/ld+json\" class=\"yoast-schema-graph\">{\"@context\":\"https:\\\/\\\/schema.org\",\"@graph\":[{\"@type\":\"WebPage\",\"@id\":\"https:\\\/\\\/protrain-canada.com\\\/fr\\\/daniel-fay\\\/\",\"url\":\"https:\\\/\\\/protrain-canada.com\\\/fr\\\/daniel-fay\\\/\",\"name\":\"Daniel Fay - Protrain Canada\",\"isPartOf\":{\"@id\":\"https:\\\/\\\/protrain-canada.com\\\/#website\"},\"datePublished\":\"2016-09-08T19:49:22+00:00\",\"dateModified\":\"2016-09-15T22:28:25+00:00\",\"breadcrumb\":{\"@id\":\"https:\\\/\\\/protrain-canada.com\\\/fr\\\/daniel-fay\\\/#breadcrumb\"},\"inLanguage\":\"fr-FR\",\"potentialAction\":[{\"@type\":\"ReadAction\",\"target\":[\"https:\\\/\\\/protrain-canada.com\\\/fr\\\/daniel-fay\\\/\"]}]},{\"@type\":\"BreadcrumbList\",\"@id\":\"https:\\\/\\\/protrain-canada.com\\\/fr\\\/daniel-fay\\\/#breadcrumb\",\"itemListElement\":[{\"@type\":\"ListItem\",\"position\":1,\"name\":\"Home\",\"item\":\"https:\\\/\\\/protrain-canada.com\\\/fr\\\/\"},{\"@type\":\"ListItem\",\"position\":2,\"name\":\"Daniel Fay\"}]},{\"@type\":\"WebSite\",\"@id\":\"https:\\\/\\\/protrain-canada.com\\\/#website\",\"url\":\"https:\\\/\\\/protrain-canada.com\\\/\",\"name\":\"Protrain Canada\",\"description\":\"\",\"potentialAction\":[{\"@type\":\"SearchAction\",\"target\":{\"@type\":\"EntryPoint\",\"urlTemplate\":\"https:\\\/\\\/protrain-canada.com\\\/?s={search_term_string}\"},\"query-input\":{\"@type\":\"PropertyValueSpecification\",\"valueRequired\":true,\"valueName\":\"search_term_string\"}}],\"inLanguage\":\"fr-FR\"}]}<\/script>\n<!-- \/ Yoast SEO plugin. -->","yoast_head_json":{"title":"Daniel Fay - Protrain Canada","robots":{"index":"index","follow":"follow","max-snippet":"max-snippet:-1","max-image-preview":"max-image-preview:large","max-video-preview":"max-video-preview:-1"},"canonical":"https:\/\/protrain-canada.com\/fr\/daniel-fay\/","og_locale":"fr_FR","og_type":"article","og_title":"Daniel Fay - Protrain Canada","og_description":"Profile de Daniel Fay, PMP Daniel a appuy\u00e9 l\u2019industrie et les dirigeants gouvernementaux mondiaux en mati\u00e8re de consultation en leadership et gestion de projets. Il a g\u00e9r\u00e9 plusieurs projets internationaux\u2026 Lire la suite &rarr;","og_url":"https:\/\/protrain-canada.com\/fr\/daniel-fay\/","og_site_name":"Protrain Canada","article_modified_time":"2016-09-15T22:28:25+00:00","twitter_card":"summary_large_image","twitter_misc":{"Dur\u00e9e de lecture estim\u00e9e":"2 minutes"},"schema":{"@context":"https:\/\/schema.org","@graph":[{"@type":"WebPage","@id":"https:\/\/protrain-canada.com\/fr\/daniel-fay\/","url":"https:\/\/protrain-canada.com\/fr\/daniel-fay\/","name":"Daniel Fay - Protrain Canada","isPartOf":{"@id":"https:\/\/protrain-canada.com\/#website"},"datePublished":"2016-09-08T19:49:22+00:00","dateModified":"2016-09-15T22:28:25+00:00","breadcrumb":{"@id":"https:\/\/protrain-canada.com\/fr\/daniel-fay\/#breadcrumb"},"inLanguage":"fr-FR","potentialAction":[{"@type":"ReadAction","target":["https:\/\/protrain-canada.com\/fr\/daniel-fay\/"]}]},{"@type":"BreadcrumbList","@id":"https:\/\/protrain-canada.com\/fr\/daniel-fay\/#breadcrumb","itemListElement":[{"@type":"ListItem","position":1,"name":"Home","item":"https:\/\/protrain-canada.com\/fr\/"},{"@type":"ListItem","position":2,"name":"Daniel Fay"}]},{"@type":"WebSite","@id":"https:\/\/protrain-canada.com\/#website","url":"https:\/\/protrain-canada.com\/","name":"Protrain Canada","description":"","potentialAction":[{"@type":"SearchAction","target":{"@type":"EntryPoint","urlTemplate":"https:\/\/protrain-canada.com\/?s={search_term_string}"},"query-input":{"@type":"PropertyValueSpecification","valueRequired":true,"valueName":"search_term_string"}}],"inLanguage":"fr-FR"}]}},"_links":{"self":[{"href":"https:\/\/protrain-canada.com\/fr\/wp-json\/wp\/v2\/pages\/3538","targetHints":{"allow":["GET"]}}],"collection":[{"href":"https:\/\/protrain-canada.com\/fr\/wp-json\/wp\/v2\/pages"}],"about":[{"href":"https:\/\/protrain-canada.com\/fr\/wp-json\/wp\/v2\/types\/page"}],"author":[{"embeddable":true,"href":"https:\/\/protrain-canada.com\/fr\/wp-json\/wp\/v2\/users\/2"}],"replies":[{"embeddable":true,"href":"https:\/\/protrain-canada.com\/fr\/wp-json\/wp\/v2\/comments?post=3538"}],"version-history":[{"count":2,"href":"https:\/\/protrain-canada.com\/fr\/wp-json\/wp\/v2\/pages\/3538\/revisions"}],"predecessor-version":[{"id":3659,"href":"https:\/\/protrain-canada.com\/fr\/wp-json\/wp\/v2\/pages\/3538\/revisions\/3659"}],"wp:attachment":[{"href":"https:\/\/protrain-canada.com\/fr\/wp-json\/wp\/v2\/media?parent=3538"}],"curies":[{"name":"wp","href":"https:\/\/api.w.org\/{rel}","templated":true}]}}

<div class="two_third">
<h3 class="title"><span>Profile de Daniel Fay, PMP</span></h3>
<p style="text-align: justify;">Daniel a appuyé l’industrie et les dirigeants gouvernementaux mondiaux en matière de consultation en leadership et gestion de projets. Il a géré plusieurs projets internationaux et a dirigé des programmes en méthodologie de gestion et principes de leadership auprès de 3 000 gestionnaires. Daniel utilise une approche tridimensionnelle pour l’amélioration organisationnelle : Développement du leadership, Gestion de projets et Développement des procédures.</p>
<blockquote><p>Il est présentement membre-adjoint de la Faculté pour le Drucker Executive Development Program en Chine et a été invité comme conférencier dans 12 universités chinoises.</p></blockquote>
<p style="text-align: justify;">Daniel a également été conférencier-invité à divers symposiums et conférences en Chine, au Canada, au États-Unis, en Europe et en Asie. Il est aussi conférencier désigné pour le Project Management Institutes dans la série Seminars World. Il a présenté une allocution s’intitulant « Managing in a Global Environment » lors du Congrès européen PMI à Den Haag, au Pays-Bas et la conférence PM Peak à Beijing.</p>
<div class="gap" style="height: 40px;"></div>
<h3 class="title"><span>Commentaires de clients satisfaits</span></h3>
<div class="testimonial">La compagnie de Dan est un partenaire de CNA, ou j&rsquo;ai travaillé dans les systèmes informatiques pour les contrôles de qualité et la gestion du risque. Avec un certain intérêt dans la gestion de risques, j&rsquo;ai eu l&rsquo;opportunité de voir Dan en premier plan. Dan est en mesure de présenter et faciliter les discussions avec son expertise avancée en gestion de projets. Il s&rsquo;assure que les participants soient engagés dans une session avec une valeur ajoutée</div>
<div class="testimonial-author">Ron Richard</div>
</div>
<div class="one_third last">
<div class="member">
<div class='member-img'><img src='/wp-content/uploads/2015/11/dan.jpg' /></div>
<h4>Daniel Fay, PMP</h4>
<div class="member-role">Professeur et Consultant</div>
<p>Facilitateur en gestion de projets et Leadership</p></div>
<div class="gap" style="height: 30px;"></div>
<div class="accordion" rel="0">
<div class="accordion-title"><a href="#">Éducation</a></div>
<div class="accordion-inner">Maitrîse Gestion Ingénirie, Ottawa<br />
BAC Mathématique<br />
BAC Informatique</div>
<div class="accordion-title"><a href="#">Expérience</a></div>
<div class="accordion-inner">Directeur Programme PMI &#8211; Terre-Neuve<br />
Gestionnaire de Projets<br />
Commissaire National (Député)</div>
<div class="accordion-title"><a href="#">Contactez Daniel</a></div>
<div class="accordion-inner">Protrain Canada<br />
Info@protrain-canada.com<br />
+514 433-8223</div>
</div>
<div class="gap" style="height: 20px;"></div>
<h3 class="title"><span>Social</span></h3>
<div class="social-icon social-twitter"><a href="https://ca.linkedin.com/in/danfayprofile" title="Twitter" target="_blank">Twitter</a></div>
<div class="social-icon social-linkedin"><a href="https://ca.linkedin.com/in/danfayprofile" title="Linkedin" target="_blank">Linkedin</a></div>
</div>
<div class="clear"></div>

<p>Profile de Daniel Fay, PMP Daniel a appuyé l’industrie et les dirigeants gouvernementaux mondiaux en matière de consultation en leadership et gestion de projets. Il a géré plusieurs projets internationaux… <a href="https://protrain-canada.com/fr/daniel-fay/" class="read-more-link">Lire la suite &rarr;</a></p>

<!-- This site is optimized with the Yoast SEO plugin v27.5 - https://yoast.com/product/yoast-seo-wordpress/ -->
<title>Daniel Fay - Protrain Canada</title>
<meta name="robots" content="index, follow, max-snippet:-1, max-image-preview:large, max-video-preview:-1" />
<link rel="canonical" href="https://protrain-canada.com/fr/daniel-fay/" />
<meta property="og:locale" content="fr_FR" />
<meta property="og:type" content="article" />
<meta property="og:title" content="Daniel Fay - Protrain Canada" />
<meta property="og:description" content="Profile de Daniel Fay, PMP Daniel a appuyé l’industrie et les dirigeants gouvernementaux mondiaux en matière de consultation en leadership et gestion de projets. Il a géré plusieurs projets internationaux… Lire la suite &rarr;" />
<meta property="og:url" content="https://protrain-canada.com/fr/daniel-fay/" />
<meta property="og:site_name" content="Protrain Canada" />
<meta property="article:modified_time" content="2016-09-15T22:28:25+00:00" />
<meta name="twitter:card" content="summary_large_image" />
<meta name="twitter:label1" content="Durée de lecture estimée" />
	<meta name="twitter:data1" content="2 minutes" />
<script type="application/ld+json" class="yoast-schema-graph">{"@context":"https:\/\/schema.org","@graph":[{"@type":"WebPage","@id":"https:\/\/protrain-canada.com\/fr\/daniel-fay\/","url":"https:\/\/protrain-canada.com\/fr\/daniel-fay\/","name":"Daniel Fay - Protrain Canada","isPartOf":{"@id":"https:\/\/protrain-canada.com\/#website"},"datePublished":"2016-09-08T19:49:22+00:00","dateModified":"2016-09-15T22:28:25+00:00","breadcrumb":{"@id":"https:\/\/protrain-canada.com\/fr\/daniel-fay\/#breadcrumb"},"inLanguage":"fr-FR","potentialAction":[{"@type":"ReadAction","target":["https:\/\/protrain-canada.com\/fr\/daniel-fay\/"]}]},{"@type":"BreadcrumbList","@id":"https:\/\/protrain-canada.com\/fr\/daniel-fay\/#breadcrumb","itemListElement":[{"@type":"ListItem","position":1,"name":"Home","item":"https:\/\/protrain-canada.com\/fr\/"},{"@type":"ListItem","position":2,"name":"Daniel Fay"}]},{"@type":"WebSite","@id":"https:\/\/protrain-canada.com\/#website","url":"https:\/\/protrain-canada.com\/","name":"Protrain Canada","description":"","potentialAction":[{"@type":"SearchAction","target":{"@type":"EntryPoint","urlTemplate":"https:\/\/protrain-canada.com\/?s={search_term_string}"},"query-input":{"@type":"PropertyValueSpecification","valueRequired":true,"valueName":"search_term_string"}}],"inLanguage":"fr-FR"}]}</script>
<!-- / Yoast SEO plugin. -->

Profile de Daniel Fay, PMP Daniel a appuyé l’industrie et les dirigeants gouvernementaux mondiaux en matière de consultation en leadership et gestion de projets. Il a géré plusieurs projets internationaux… Lire la suite &rarr;
